{"id":4459,"date":"2026-01-10T09:10:30","date_gmt":"2026-01-10T12:10:30","guid":{"rendered":"https:\/\/isfd802-chu.infd.edu.ar\/sitio\/?page_id=4459"},"modified":"2026-02-05T18:57:51","modified_gmt":"2026-02-05T21:57:51","slug":"ingresantes-2026","status":"publish","type":"page","link":"https:\/\/isfd802-chu.infd.edu.ar\/sitio\/ingresantes-2026\/","title":{"rendered":"Ingresantes 2026"},"content":{"rendered":"\n<p>\u00a1Tu futuro empieza ac\u00e1! En el ISFD N\u00b0 802 creemos en el poder transformador de la educaci\u00f3n. Te invitamos a formar parte de nuestra comunidad, un espacio pensado para acompa\u00f1arte en cada paso de tu carrera. Ya sea que elijas la docencia o una tecnicatura, aqu\u00ed encontrar\u00e1s las herramientas para convertir tu vocaci\u00f3n en profesi\u00f3n.<\/p>\n\n\n\n<div class=\"wp-block-cover\" style=\"min-height:203px\"><span aria-hidden=\"true\" class=\"wp-block-cover__background has-base-2-background-color has-background-dim-100 has-background-dim\"><\/span><div class=\"wp-block-cover__inner-container\">\n<p><\/p>\n\n\n\n<p class=\"has-text-align-center has-luminous-vivid-amber-to-luminous-vivid-orange-gradient-background has-background has-medium-font-size\">Listado Preinscriptos 2026<\/p>\n<\/div><\/div>\n\n\n\n<p class=\"forzar-subida\"><a href=\"https:\/\/docs.google.com\/spreadsheets\/d\/1i9DC9Fm7qmFMezHRhGBiQvgFIgEBXKXT\/edit?gid=61650856#gid=61650856\">Profesorado de Educaci\u00f3n Secundaria en F\u00edsica.<\/a><\/p>\n\n\n\n<p><a href=\"https:\/\/docs.google.com\/spreadsheets\/d\/1exXYW076tAZ9cvvWCgEztPenUpctlHNq\/edit?usp=sharing&amp;ouid=110506723332729046240&amp;rtpof=true&amp;sd=true\">Profesorado de Educaci\u00f3n Secundaria en Qu\u00edmica.<\/a><\/p>\n\n\n\n<p><a href=\"https:\/\/docs.google.com\/spreadsheets\/d\/13i11NsTvV4sQtVR-ARmlzaei4ngJmI9b\/edit?usp=sharing&amp;ouid=110506723332729046240&amp;rtpof=true&amp;sd=true\">Profesorado de Educaci\u00f3n Tecnol\u00f3gica.<\/a><\/p>\n\n\n\n<p><a href=\"https:\/\/docs.google.com\/spreadsheets\/d\/1ZO0R5iUg050y8vOt1F9XnBm6uKJl8m2P\/edit?usp=sharing&amp;ouid=110506723332729046240&amp;rtpof=true&amp;sd=true\">Tecnicatura Superior en Administraci\u00f3n P\u00fablica Orientada al Desarrollo Local.<\/a><\/p>\n\n\n\n<p><a href=\"https:\/\/docs.google.com\/spreadsheets\/d\/1PTecLrvJwh0sWKI94OjAmBY52J8v-aFY\/edit?usp=sharing&amp;ouid=110506723332729046240&amp;rtpof=true&amp;sd=true\">Tecnicatura Superior en Econom\u00eda Social y Desarrollo Local.<\/a><\/p>\n\n\n\n<p><a href=\"https:\/\/docs.google.com\/spreadsheets\/d\/1HqZgRfeFZRp8VkNmtWE-N9NYwPX9uune\/edit?usp=sharing&amp;ouid=110506723332729046240&amp;rtpof=true&amp;sd=true\">Tecnicatura Superior en Ni\u00f1ez, Adolescencia y Familia.<\/a><\/p>\n\n\n\n<p><a href=\"https:\/\/docs.google.com\/spreadsheets\/d\/1hAR4LI9cr4hOuh4MGT5oqVRFlfoy0dci\/edit?usp=sharing&amp;ouid=110506723332729046240&amp;rtpof=true&amp;sd=true\">Tecnicatura Superior en Turismo (Anexo R\u00edo Senguer)<\/a><\/p>\n\n\n\n<div class=\"wp-block-cover\" style=\"min-height:168px\"><span aria-hidden=\"true\" class=\"wp-block-cover__background has-base-2-background-color has-background-dim-100 has-background-dim\"><\/span><div class=\"wp-block-cover__inner-container\">\n<p class=\"has-text-align-center has-luminous-vivid-amber-to-luminous-vivid-orange-gradient-background has-background has-medium-font-size\">Documentaci\u00f3n a presentar<\/p>\n<\/div><\/div>\n\n\n\n<div class=\"wp-block-columns is-layout-flex wp-container-4\">\n<div class=\"wp-block-column is-layout-flow\">\n<figure class=\"wp-block-image size-full\"><a href=\"https:\/\/isfd802-chu.infd.edu.ar\/sitio\/wp-content\/uploads\/2026\/01\/Ingresantes_TEC_FIS_QUI_26.png\"><img decoding=\"async\" loading=\"lazy\" width=\"2298\" height=\"3250\" src=\"https:\/\/isfd802-chu.infd.edu.ar\/sitio\/wp-content\/uploads\/2026\/01\/Ingresantes_TEC_FIS_QUI_26.png\" alt=\"\" class=\"wp-image-4467\" srcset=\"https:\/\/isfd802-chu.infd.edu.ar\/sitio\/wp-content\/uploads\/2026\/01\/Ingresantes_TEC_FIS_QUI_26.png 2298w, https:\/\/isfd802-chu.infd.edu.ar\/sitio\/wp-content\/uploads\/2026\/01\/Ingresantes_TEC_FIS_QUI_26-707x1000.png 707w, https:\/\/isfd802-chu.infd.edu.ar\/sitio\/wp-content\/uploads\/2026\/01\/Ingresantes_TEC_FIS_QUI_26-1343x1900.png 1343w, https:\/\/isfd802-chu.infd.edu.ar\/sitio\/wp-content\/uploads\/2026\/01\/Ingresantes_TEC_FIS_QUI_26-768x1086.png 768w, https:\/\/isfd802-chu.infd.edu.ar\/sitio\/wp-content\/uploads\/2026\/01\/Ingresantes_TEC_FIS_QUI_26-1086x1536.png 1086w, https:\/\/isfd802-chu.infd.edu.ar\/sitio\/wp-content\/uploads\/2026\/01\/Ingresantes_TEC_FIS_QUI_26-1448x2048.png 1448w\" sizes=\"(max-width: 2298px) 100vw, 2298px\" \/><\/a><\/figure>\n<\/div>\n\n\n\n<div class=\"wp-block-column is-layout-flow\">\n<figure class=\"wp-block-image size-large\"><a href=\"https:\/\/isfd802-chu.infd.edu.ar\/sitio\/wp-content\/uploads\/2026\/01\/ingresantes_turismo_26_Senguer.png\"><img decoding=\"async\" loading=\"lazy\" width=\"1343\" height=\"1900\" src=\"https:\/\/isfd802-chu.infd.edu.ar\/sitio\/wp-content\/uploads\/2026\/01\/ingresantes_turismo_26_Senguer-1343x1900.png\" alt=\"\" class=\"wp-image-4469\" srcset=\"https:\/\/isfd802-chu.infd.edu.ar\/sitio\/wp-content\/uploads\/2026\/01\/ingresantes_turismo_26_Senguer-1343x1900.png 1343w, https:\/\/isfd802-chu.infd.edu.ar\/sitio\/wp-content\/uploads\/2026\/01\/ingresantes_turismo_26_Senguer-707x1000.png 707w, https:\/\/isfd802-chu.infd.edu.ar\/sitio\/wp-content\/uploads\/2026\/01\/ingresantes_turismo_26_Senguer-768x1086.png 768w, https:\/\/isfd802-chu.infd.edu.ar\/sitio\/wp-content\/uploads\/2026\/01\/ingresantes_turismo_26_Senguer-1086x1536.png 1086w, https:\/\/isfd802-chu.infd.edu.ar\/sitio\/wp-content\/uploads\/2026\/01\/ingresantes_turismo_26_Senguer-1448x2048.png 1448w\" sizes=\"(max-width: 1343px) 100vw, 1343px\" \/><\/a><\/figure>\n<\/div>\n\n\n\n<div class=\"wp-block-column is-layout-flow\">\n<figure class=\"wp-block-image size-large\"><a href=\"https:\/\/isfd802-chu.infd.edu.ar\/sitio\/wp-content\/uploads\/2026\/01\/Ingresantes_TEC_FIS_QUI_26-1.png\"><img decoding=\"async\" loading=\"lazy\" width=\"1344\" height=\"1900\" src=\"https:\/\/isfd802-chu.infd.edu.ar\/sitio\/wp-content\/uploads\/2026\/01\/Ingresantes_TEC_FIS_QUI_26-1-1344x1900.png\" alt=\"Ingresantes Tecno, F\u00edsica y Qu\u00edmica\" class=\"wp-image-4471\" srcset=\"https:\/\/isfd802-chu.infd.edu.ar\/sitio\/wp-content\/uploads\/2026\/01\/Ingresantes_TEC_FIS_QUI_26-1-1344x1900.png 1344w, https:\/\/isfd802-chu.infd.edu.ar\/sitio\/wp-content\/uploads\/2026\/01\/Ingresantes_TEC_FIS_QUI_26-1-707x1000.png 707w, https:\/\/isfd802-chu.infd.edu.ar\/sitio\/wp-content\/uploads\/2026\/01\/Ingresantes_TEC_FIS_QUI_26-1-768x1086.png 768w, https:\/\/isfd802-chu.infd.edu.ar\/sitio\/wp-content\/uploads\/2026\/01\/Ingresantes_TEC_FIS_QUI_26-1-1086x1536.png 1086w, https:\/\/isfd802-chu.infd.edu.ar\/sitio\/wp-content\/uploads\/2026\/01\/Ingresantes_TEC_FIS_QUI_26-1-1448x2048.png 1448w\" sizes=\"(max-width: 1344px) 100vw, 1344px\" \/><\/a><\/figure>\n<\/div>\n<\/div>\n\n\n<div class=\"wp-block-image\">\n<figure class=\"aligncenter size-large is-resized\"><img decoding=\"async\" loading=\"lazy\" src=\"https:\/\/isfd802-chu.infd.edu.ar\/sitio\/wp-content\/uploads\/2026\/02\/Ingresantes_TEC_ECO_26-1344x1900.png\" alt=\"\" class=\"wp-image-4618\" width=\"336\" height=\"475\" srcset=\"https:\/\/isfd802-chu.infd.edu.ar\/sitio\/wp-content\/uploads\/2026\/02\/Ingresantes_TEC_ECO_26-1344x1900.png 1344w, https:\/\/isfd802-chu.infd.edu.ar\/sitio\/wp-content\/uploads\/2026\/02\/Ingresantes_TEC_ECO_26-707x1000.png 707w, https:\/\/isfd802-chu.infd.edu.ar\/sitio\/wp-content\/uploads\/2026\/02\/Ingresantes_TEC_ECO_26-768x1086.png 768w, https:\/\/isfd802-chu.infd.edu.ar\/sitio\/wp-content\/uploads\/2026\/02\/Ingresantes_TEC_ECO_26-1086x1536.png 1086w, https:\/\/isfd802-chu.infd.edu.ar\/sitio\/wp-content\/uploads\/2026\/02\/Ingresantes_TEC_ECO_26-1448x2048.png 1448w, https:\/\/isfd802-chu.infd.edu.ar\/sitio\/wp-content\/uploads\/2026\/02\/Ingresantes_TEC_ECO_26.png 1768w\" sizes=\"(max-width: 336px) 100vw, 336px\" \/><\/figure><\/div>\n\n\n<p><\/p>\n\n\n\n<div class=\"wp-block-cover\" style=\"min-height:203px\"><span aria-hidden=\"true\" class=\"wp-block-cover__background has-base-2-background-color has-background-dim-100 has-background-dim\"><\/span><div class=\"wp-block-cover__inner-container\">\n<p class=\"has-text-align-center has-luminous-vivid-amber-to-luminous-vivid-orange-gradient-background has-background has-medium-font-size\">Fechas importantes<\/p>\n\n\n\n<p><\/p>\n<\/div><\/div>\n\n\n\n<p><strong>Tecnicatura Superior en Administraci\u00f3n P\u00fablica Orientada al Desarrollo Local y Tecnicatura en Ni\u00f1ez, Adolescencia y Familia.<\/strong><\/p>\n\n\n\n<p>&#x1f4cc; Entrega de documentaci\u00f3n formato digital del 11\/02\/26 al 18\/02\/26.<\/p>\n\n\n\n<p><strong>Profesorado de Educaci\u00f3n Tecnol\u00f3gica, Profesorado de Educaci\u00f3n Secundaria en F\u00edsica y Profesorado de Educaci\u00f3n Secundaria en Qu\u00edmica.<\/strong><\/p>\n\n\n\n<p>&#x1f4cc;Entrega documentaci\u00f3n f\u00edsica con originales a partir del 19\/02\/26 hasta el 26\/02\/26. Horario de atenci\u00f3n de 18:00 hs a 21:00 hs. Planta baja del ISFD N\u00b0 802. <\/p>\n\n\n\n<p><strong>Tecnicatura Superior en Turismo Anexo R\u00edo Senguer.<\/strong><\/p>\n\n\n\n<p>&#x1f4cc;Entrega documentaci\u00f3n en formato digital del 19\/02\/26 al 26\/02\/26.<\/p>\n\n\n\n<p><strong>Tecnicatura Superior en Econom\u00eda Social y Desarrollo Local<\/strong><\/p>\n\n\n\n<p>&#x1f4cc; Entrega documentaci\u00f3n f\u00edsica con originales a partir del 19\/02\/26 hasta el 26\/02\/26. Horario de atenci\u00f3n de 18:00 hs a 21:00 hs. Planta baja del ISFD N\u00b0 802. <\/p>\n\n\n\n<div class=\"wp-block-cover\" style=\"min-height:203px\"><span aria-hidden=\"true\" class=\"wp-block-cover__background has-base-2-background-color has-background-dim-100 has-background-dim\"><\/span><div class=\"wp-block-cover__inner-container\">\n<p><\/p>\n\n\n\n<p class=\"has-text-align-center has-luminous-vivid-amber-to-luminous-vivid-orange-gradient-background has-background has-medium-font-size\">Ficha de inscripci\u00f3n<\/p>\n<\/div><\/div>\n\n\n\n<p>Para descargar la ficha de inscripci\u00f3n 2026 hacer clic <a href=\"https:\/\/isfd802-chu.infd.edu.ar\/sitio\/wp-content\/uploads\/2026\/01\/FICHA-DE-INSCRIPCION-2026-ISFD-802.pdf\">aqu\u00ed<\/a>.<\/p>\n\n\n\n<hr style=\"margin: 30px 0; border: 0; border-top: 1px solid #ddd;\">\n\n<h4 style=\"text-align: center; color: #555;\">\u00bfTen\u00e9s dudas? Comunicate con nosotros<\/h4>\n\n<!-- Contenedor Principal: Columna Vertical -->\n<div style=\"display: flex; flex-direction: column; align-items: center; gap: 15px; width: 100%;\">\n  \n  <!-- Fila 1: Redes Sociales (Facebook e Instagram) -->\n  <div style=\"display: flex; gap: 15px; justify-content: center; flex-wrap: wrap;\">\n      <!-- Bot\u00f3n Facebook -->\n      <a href=\"https:\/\/www.facebook.com\/isfd802oficial\" target=\"_blank\" style=\"background: #3b5998; color: white; padding: 10px 20px; text-decoration: none; border-radius: 50px; font-weight: bold; font-family: sans-serif; display: inline-flex; align-items: center;\" rel=\"noopener\">\n         Facebook\n      <\/a>\n\n      <!-- Bot\u00f3n Instagram -->\n      <a href=\"https:\/\/www.instagram.com\/isfd_802\/\" target=\"_blank\" style=\"background: #E1306C; color: white; padding: 10px 20px; text-decoration: none; border-radius: 50px; font-weight: bold; font-family: sans-serif; display: inline-flex; align-items: center;\" rel=\"noopener\">\n         Instagram\n      <\/a>\n  <\/div>\n\n  <!-- Fila 2: Email (Centrado abajo con icono SVG elegante) -->\n  <div style=\"background: #D44638; color: white; padding: 10px 20px; border-radius: 50px; font-weight: bold; font-family: sans-serif; cursor: text; text-align: center; display: inline-flex; align-items: center; max-width: 90vw; word-wrap: break-word; overflow-wrap: anywhere;\">\n     <!-- Icono de sobre vectorial (SVG) -->\n     <svg xmlns=\"[http:\/\/www.w3.org\/2000\/svg](http:\/\/www.w3.org\/2000\/svg)\" width=\"18\" height=\"18\" viewBox=\"0 0 24 24\" fill=\"none\" stroke=\"currentColor\" stroke-width=\"2\" stroke-linecap=\"round\" stroke-linejoin=\"round\" style=\"margin-right: 8px;\">\n        <path d=\"M4 4h16c1.1 0 2 .9 2 2v12c0 1.1-.9 2-2 2H4c-1.1 0-2-.9-2-2V6c0-1.1.9-2 2-2z\"><\/path>\n        <polyline points=\"22,6 12,13 2,6\"><\/polyline>\n     <\/svg>\n     isfd802.bedelia@gmail.com\n  <\/div>\n\n<\/div>\n","protected":false},"excerpt":{"rendered":"<p>\u00a1Tu futuro empieza ac\u00e1! En el ISFD N\u00b0 802 creemos en el poder transformador de la educaci\u00f3n. Te invitamos a formar parte de nuestra comunidad, un espacio pensado para acompa\u00f1arte en cada paso de tu carrera. Ya sea que elijas la docencia o una tecnicatura, aqu\u00ed encontrar\u00e1s las herramientas para convertir tu vocaci\u00f3n en profesi\u00f3n. &#8230; <a title=\"Ingresantes 2026\" class=\"read-more\" href=\"https:\/\/isfd802-chu.infd.edu.ar\/sitio\/ingresantes-2026\/\" aria-label=\"More on Ingresantes 2026\">[+]<\/a><\/p>\n","protected":false},"author":705,"featured_media":0,"parent":0,"menu_order":0,"comment_status":"closed","ping_status":"closed","template":"","meta":[],"acf":[],"_links":{"self":[{"href":"https:\/\/isfd802-chu.infd.edu.ar\/sitio\/wp-json\/wp\/v2\/pages\/4459"}],"collection":[{"href":"https:\/\/isfd802-chu.infd.edu.ar\/sitio\/wp-json\/wp\/v2\/pages"}],"about":[{"href":"https:\/\/isfd802-chu.infd.edu.ar\/sitio\/wp-json\/wp\/v2\/types\/page"}],"author":[{"embeddable":true,"href":"https:\/\/isfd802-chu.infd.edu.ar\/sitio\/wp-json\/wp\/v2\/users\/705"}],"replies":[{"embeddable":true,"href":"https:\/\/isfd802-chu.infd.edu.ar\/sitio\/wp-json\/wp\/v2\/comments?post=4459"}],"version-history":[{"count":46,"href":"https:\/\/isfd802-chu.infd.edu.ar\/sitio\/wp-json\/wp\/v2\/pages\/4459\/revisions"}],"predecessor-version":[{"id":4619,"href":"https:\/\/isfd802-chu.infd.edu.ar\/sitio\/wp-json\/wp\/v2\/pages\/4459\/revisions\/4619"}],"wp:attachment":[{"href":"https:\/\/isfd802-chu.infd.edu.ar\/sitio\/wp-json\/wp\/v2\/media?parent=4459"}],"curies":[{"name":"wp","href":"https:\/\/api.w.org\/{rel}","templated":true}]}}