{"id":2121,"date":"2020-02-26T21:18:51","date_gmt":"2020-02-27T00:18:51","guid":{"rendered":"https:\/\/isfd802-chu.infd.edu.ar\/sitio\/?page_id=2121"},"modified":"2026-04-01T19:35:03","modified_gmt":"2026-04-01T22:35:03","slug":"autogestion-alumnos","status":"publish","type":"page","link":"https:\/\/isfd802-chu.infd.edu.ar\/sitio\/autogestion-alumnos\/","title":{"rendered":"Autogesti\u00f3n &#8211; Estudiantes"},"content":{"rendered":"<ol>\n<li>Constancia de alumno\/a regular 2026 o BECH Profesorado de Educ. Tecnol\u00f3gica, Intelectual, 1ro de F\u00edsica, 1ro de Qu\u00edmica <a href=\"https:\/\/constanciaalumnoregular802.netlify.app\/\">&lt;descargar&gt;<\/a><\/li>\n<li>Constancia de alumno\/a regular 2026 o BECH Profesorado de Educ. Sec. en F\u00edsica 2do, 3ro y 4to. Prof. de Educ. Sec. en Qu\u00edmica 2do .<a href=\"https:\/\/fiscquimica2do.netlify.app\/\">&lt;descargar&gt;<\/a>\u00a0<\/li>\n<li>Constancia de alumno\/a regular 2026 o BECH\u00a0 Prof. de Educ. Sec. en Qu\u00edmica 3ro .<a href=\"https:\/\/certiregular3roqui.netlify.app\/\">&lt;descargar&gt;<\/a>\u00a0<\/li>\n<li>Constancia de alumno\/a regular 2026 o BECH Prof. de Educ. Sec. en Qu\u00edmica 4to .<a href=\"https:\/\/certificado4toqui.netlify.app\/\">&lt;descargar&gt;<\/a>\u00a0<\/li>\n<li>Constancia de alumno\/a regular 2026 o BECH Tecnicatura Adm. Pub. Orientada al Desarrollo Local 2do a\u00f1o.<a href=\"https:\/\/alumnoreg2doadmpub.netlify.app\/\">&lt;descargar&gt;<\/a>\u00a0<\/li>\n<li>Constancia de alumno\/a regular 2026 o BECH Tecnicaturas 1er a\u00f1o : Econom\u00eda Social, Adm. P\u00fablica, Ni\u00f1ez, Adolescencia y Flia .<a href=\"https:\/\/tecnicaturasprimero802.netlify.app\/\">&lt;descargar&gt;\u00a0<\/a><\/li>\n<li>Constancia Negativa de Sanci\u00f3n Disciplinaria. <a href=\"https:\/\/isfd802-chu.infd.edu.ar\/sitio\/wp-content\/uploads\/2026\/03\/Constancia-negativa-de-sancion-disciplinaria2026.docx\">&lt;descargar&gt;<\/a><\/li>\n<li>Solicitud de Anal\u00edtico 2026 <a href=\"https:\/\/isfd802-chu.infd.edu.ar\/sitio\/wp-content\/uploads\/2026\/03\/Formulario_solicitud_analitico_2026.docx\">&lt;descargar&gt;<\/a><\/li>\n<li>Solicitud de Reincorporaci\u00f3n 2026 &lt;descargar&gt; \u00a0<\/li>\n<\/ol>\n\n\n<p><\/p>\n\n\n\n<p><\/p>\n","protected":false},"excerpt":{"rendered":"<p>Constancia de alumno\/a regular 2026 o BECH Profesorado de Educ. Tecnol\u00f3gica, Intelectual, 1ro de F\u00edsica, 1ro de Qu\u00edmica &lt;descargar&gt; Constancia de alumno\/a regular 2026 o BECH Profesorado de Educ. Sec. en F\u00edsica 2do, 3ro y 4to. Prof. de Educ. Sec. en Qu\u00edmica 2do .&lt;descargar&gt;\u00a0 Constancia de alumno\/a regular 2026 o BECH\u00a0 Prof. de Educ. Sec. &#8230; <a title=\"Autogesti\u00f3n &#8211; Estudiantes\" class=\"read-more\" href=\"https:\/\/isfd802-chu.infd.edu.ar\/sitio\/autogestion-alumnos\/\" aria-label=\"More on Autogesti\u00f3n &#8211; Estudiantes\">[+]<\/a><\/p>\n","protected":false},"author":3148,"featured_media":0,"parent":0,"menu_order":0,"comment_status":"closed","ping_status":"closed","template":"","meta":[],"acf":[],"_links":{"self":[{"href":"https:\/\/isfd802-chu.infd.edu.ar\/sitio\/wp-json\/wp\/v2\/pages\/2121"}],"collection":[{"href":"https:\/\/isfd802-chu.infd.edu.ar\/sitio\/wp-json\/wp\/v2\/pages"}],"about":[{"href":"https:\/\/isfd802-chu.infd.edu.ar\/sitio\/wp-json\/wp\/v2\/types\/page"}],"author":[{"embeddable":true,"href":"https:\/\/isfd802-chu.infd.edu.ar\/sitio\/wp-json\/wp\/v2\/users\/3148"}],"replies":[{"embeddable":true,"href":"https:\/\/isfd802-chu.infd.edu.ar\/sitio\/wp-json\/wp\/v2\/comments?post=2121"}],"version-history":[{"count":56,"href":"https:\/\/isfd802-chu.infd.edu.ar\/sitio\/wp-json\/wp\/v2\/pages\/2121\/revisions"}],"predecessor-version":[{"id":4743,"href":"https:\/\/isfd802-chu.infd.edu.ar\/sitio\/wp-json\/wp\/v2\/pages\/2121\/revisions\/4743"}],"wp:attachment":[{"href":"https:\/\/isfd802-chu.infd.edu.ar\/sitio\/wp-json\/wp\/v2\/media?parent=2121"}],"curies":[{"name":"wp","href":"https:\/\/api.w.org\/{rel}","templated":true}]}}